 4*x + x = 0. Let g = d - -2. Suppose i = -g*h + 2*h + 42, 63 = 3*h + 5*i. What are the prime factors of h?
3, 7
Let k be 3/(-9) - (-20)/6. List the prime factors of 12/(-18)*k/(-2)*53.
53
Suppose -82 = -p + 4*c, -p - 3*c = 2*c - 46. Let l = 107 - p. List the prime factors of l.
41
Suppose -v + 5*q = 3*q + 14, 2*q - 8 = 0. Let p be (-14)/v - (-6)/9. Suppose -2*a - p*a = -20. What are the prime factors of a?
2
Let y(v) = -v**2 - 8*v + 1. Let a be y(-8). Let i = 1 - a. Let j(m) = m**3 + 47. List the prime factors of j(i).
47
What are the prime factors of 3 + (5 + -6)*-483?
2, 3
Let h = 5 - 1. Let z(n) = -n**2 + 46*n + 106. Let o be z(0). Suppose -3*d + o = h. What are the prime factors of d?
2, 17
Suppose -4*f + 23 - 5 = 2*v, 5*v = -f + 9. Suppose -b - 292 = -f*k, -b = -3*k - 110 + 329. List the prime factors of k.
73
Suppose 27*a = 12800 + 20572. What are the prime factors of a?
2, 3, 103
Let a(g) = -g**3 - 6*g**2 + g - 5. Let k be a(-7). Let d(c) = -16 - 22 + 40 - k*c. What are the prime factors of d(-1)?
3, 13
Let s be (-312)/(-56) - (-4)/(-7). Suppose 4*r + 3*w = -w + 20, -5*r - 25 = -s*w. Let z(t) = 2*t + 35. List the prime factors of z(r).
5, 7
Let d be 8/(-52) - 10008/13. What are the prime factors of 2/(-6) - d/33?
23
Let k(z) = z**3 + 12*z**2 + 28*z + 10. List the prime factors of k(-7).
59
Suppose 3*c = -5*s - 272, -6*s - 170 = -3*s - 5*c. Let p = s - -68. What are the prime factors of p?
13
Suppose 10*v = 13*v - 6. Suppose 6*a = v*a + 48. Suppose 0 = -2*g - 0*r + 3*r + 64, 0 = -3*r - a. List the prime factors of g.
2, 13
Suppose 25 = -2*a + 35. Suppose 2*c = -c. Suppose -5*w - 5*o + 200 = c, 8 = -a*o - 2. List the prime factors of w.
2, 3, 7
Let w be (-8 - -7) + 1 + 0. Suppose w*r = 2*r. Suppose -6*b + 4*b + 144 = r. What are the prime factors of b?
2, 3
Let y(z) = -z**3 - 48*z**2 - 21*z + 22. What are the prime factors of y(-48)?
2, 5, 103
Let d(i) = i**2 + 24*i - 89. What are the prime factors of d(-29)?
2, 7
Let r(n) = n**3 + 14*n**2 - 2*n - 28. Let c be r(-14). Suppose -2*b + c*b - k = -77, -b = 2*k - 34. List the prime factors of b.
2, 5
Suppose 11*i + 3528 = 23*i. List the prime factors of i.
2, 3, 7
Let g = 43 - -4. Suppose -13 = 2*v - g. List the prime factors of v.
17
Let n(x) = -x**2 - 12*x - 24. Let c be n(-7). Let k(t) = 6*t - 2. List the prime factors of k(c).
2
Suppose -2*h = h - 15. Suppose -4*b + h*o = -5 - 4, 4*o + 12 = 2*b. Let s(i) = 4*i**2 + 4*i + 5. List the prime factors of s(b).
53
Suppose n + 3*n = 0. Suppose 2*f - y - 50 = -n*y, f + 3*y - 39 = 0. Let q = f + -5. What are the prime factors of q?
2, 11
Suppose 0 = y - 1, 5*y - 6 - 3 = -u. Suppose -u*l + 222 = 3*v, 4*l - 11*v = -13*v + 224. List the prime factors of l.
3, 19
Suppose -d - 75 = -5*d + 3*n, 3*n = 3*d - 60. Let p(c) = c**2 + 4*c + 4. Let u be p(-3). Let f = d + u. What are the prime factors of f?
2
Suppose -115 = 4*w - 9*w + 5*j, 2*j - 92 = -4*w. Let t = 3 - w. List the prime factors of (-2)/(2/t*2).
2, 5
Let d = -435 - -811. Suppose k - 3*h - 150 + 18 = 0, -3*k - h + d = 0. List the prime factors of k.
2, 3, 7
Let d be 11/77 - (-34)/7. Suppose -d*j + 602 = 4*c, 5*c - j - 767 = -0*c. What are the prime factors of c?
3, 17
List the prime factors of (-380996)/(-140) + ((-2)/5 - 0).
3, 907
Let a(y) = 10*y**2 - 2. Let o(h) = -2*h + 2. Let z be o(1). Suppose 0 = -2*b - 6, z*t - b - 11 = 4*t. List the prime factors of a(t).
2, 19
Suppose 0 = -6*x + 2*x - 172. Let g(n) = n**3 - 5*n**2 - 6*n + 17. Let o be g(7). Let a = o + x. What are the prime factors of a?
2, 3, 5
Let u(s) be the second derivative of 0 + 0*s**3 - 3*s + 7/6*s**4 + 1/20*s**5 + 11/2*s**2. What are the prime factors of u(-14)?
11
Suppose 7*f - 89 = 9. Let d(o) = 9*o - 19. List the prime factors of d(f).
107
Let f(n) = -n**2 + 19*n + 81. What are the prime factors of f(0)?
3
Suppose 4*r + r - 1475 = 0. What are the prime factors of 1/(-3 + 890/r)?
59
What are the prime factors of (-8)/5*(1 - (-557)/(-2))?
2, 3, 37
Let j be (408/(-4))/(-3) + -4. Suppose 5*p = -5*k - j, k + p = -4*p - 14. List the prime factors of (-6 - 2)*7/k.
2, 7
Let m = -48 + 42. Let c(f) = -f**2 + 2. Let b be c(-6). Let d = m - b. What are the prime factors of d?
2, 7
List the prime factors of 1921 + -6 + -9 + 11.
3, 71
Suppose -4*t + 29 = -5*t. Let v = 3 - t. What are the prime factors of v?
2
Suppose 9*x - 3589 = -493. What are the prime factors of x?
2, 43
Suppose -4 = 5*n - 14. Suppose 104*k = 110*k - 12. Suppose -2*j + 90 = 4*l, k*j + n*l = 69 + 17. List the prime factors of j.
41
Suppose 44 = -3*h + 7*h. Let o = 16 - h. List the prime factors of o.
5
Let w(d) be the first derivative of 2*d**3/3 + 4*d**2 + 8*d - 23. List the prime factors of w(8).
2, 5
Suppose 0 = -p - 5*k + 136, 5*k + 660 = 5*p + 10*k. Let c = 129 + p. What are the prime factors of c?
2, 5, 13
Suppose -8*k = -7*k. Let w(c) = -2*c**2 + 3*c + 9 + 15 + 3*c**2 - 4*c. List the prime factors of w(k).
2, 3
Let c(f) be the third derivative of f**6/120 + 2*f**5/15 - f**4/12 - 2*f**3 - f**2. Let x be c(-8). Suppose -o = x*o - 110. What are the prime factors of o?
2, 11
Suppose 15 = 5*i + 5*a - 445, i + 5*a - 100 = 0. Let s = i - 42. What are the prime factors of s?
2, 3
Let s(x) = 3*x - 13. Let d be s(6). Suppose 362 = -d*p + 1257. What are the prime factors of p?
179
Let u(p) = p**2 - 11*p + 8. Let d be u(10). Let g be (-255)/(-68) - d/8. Suppose g = 4*r - 80. What are the prime factors of r?
3, 7
Let j(f) = 33*f**2 - 7*f + 52. List the prime factors of j(9).
2, 11
Suppose -p = -1 - 1. Let q be p/5 - (-3936)/60. Suppose -88 = -4*t - 4*u, 3*t - 2*u - q = -3*u. What are the prime factors of t?
2, 11
What are the prime factors of (-12)/3 - (14 - 155)?
137
Let t = -780 - -993. What are the prime factors of t?
3, 71
Let y be 10/15 - (-19)/3. Let q(o) = o**3 - 6*o**2 - 8*o + 6. Let s be q(y). What are the prime factors of 357/14 + s/2?
5
Suppose -j - 3*q = -1428, 3003 = -5*j - q + 10101. List the prime factors of j.
3, 11, 43
Let s = -2315 + 4663. List the prime factors of s.
2, 587
Suppose 0 = -81*n + 99*n - 59022. What are the prime factors of n?
3, 1093
Let p be 5621 - -3*8/6. List the prime factors of (-2)/3*p/(-30).
5
Suppose 0 = -47*d + 53*d - 22572. What are the prime factors of d?
2, 3, 11, 19
What are the prime factors of (0 + -1317)/(40/(-25) + 1)?
5, 439
Let r = -76 - -78. Suppose r = -a + 142. What are the prime factors of a?
2, 5, 7
Let n(u) = -u**3 - u**2 - 3*u - 11. Let t(v) = -v**2 - 2*v - 5. Let l be t(0). List the prime factors of n(l).
2, 13
Let s(i) = 86 + 78 - 20*i - 168 - 3*i**3 - 8*i**2 + i**3. List the prime factors of s(-5).
2, 73
Suppose -2*n = -5*n - 18. Let w = 7 - -1. Let x = n + w. List the prime factors of x.
2
Let k(p) = 5*p + 3. Let g be k(1). List the prime factors of (-2)/g + ((-3836)/(-16))/7.
2, 17
Let s = 1028 + 365. List the prime factors of s.
7, 199
Let q = 728 - 140. List the prime factors of q.
2, 3, 7
Let x be 2/(-8) - (-133)/(-28). Let z = x + -8. What are the prime factors of 39/z*14/(-3)?
2, 7
Let o = -27 - -29. Suppose -6*t + o*t + 84 = 0. What are the prime factors of t?
3, 7
What are the prime factors of (49/(-7) - 1107)*-1?
2, 557
Let w(o) = 67*o + 83. What are the prime factors of w(5)?
2, 11, 19
Let b = 692 + -108. Suppose -5*d + m = -b, 0*d - 5*m + 560 = 5*d. What are the prime factors of d?
2, 29
Let j = 2971 - -113. What are the prime factors of j?
2, 3, 257
Let r(b) = 2*b**2 + 8*b + 3. List the prime factors of r(-4).
3
Let b be (2 - 3)*-2 - 1. Let w be 0 - (b + -3) - -3. Suppose 4*g = w*y - 9, 3*g + y = 2*y + 7. List the prime factors of g.
2
Suppose 3*a + 14 = 5*z - a, 0 = -3*z - 5*a + 1. Let m(w) = 1 + 0 - z - 3 - 2*w. List the prime factors of m(-4).
2
Let m(g) = 17*g**2 + 3*g - 1. Let o be m(-3). Let l = o + -93. List the prime factors of l.
2, 5
Suppose -2*q - 3*s + 0*s - 286 = 0, -5*q + 4*s = 715. List the prime factors of (-9464)/q + 4/(-22).
2, 3, 11
Let k = 169 - 198. Let q be (-2)/(-3 - -2) + -52. Let c = k - q. What are the prime factors of c?
3, 7
Let w(o) = -13*o**2 - 14*o + 19. Let v(z) = 6*z**2 + 7*z - 9. Let j(a) = 9*v(a) + 4*w(a). What are the prime factors of j(-8)?
67
List the prime factors of (-146)/(15/9*4/(-10)).
3, 73
Let g(w) = w**3 - 10*w**2 - 11*w + 2. Let a be g(11). Let i(d) b